{"id":366,"date":"2026-04-10T15:52:16","date_gmt":"2026-04-10T15:52:16","guid":{"rendered":"https:\/\/ia-dirigeant.com\/?page_id=366"},"modified":"2026-04-10T15:52:16","modified_gmt":"2026-04-10T15:52:16","slug":"marketing-communication-pourquoi-lia-redefinit-deja-les-regles-du-jeu","status":"publish","type":"page","link":"https:\/\/ia-dirigeant.com\/index.php\/marketing-communication-pourquoi-lia-redefinit-deja-les-regles-du-jeu\/","title":{"rendered":"Marketing \/ Communication : pourquoi l\u2019IA red\u00e9finit d\u00e9j\u00e0 les r\u00e8gles du jeu"},"content":{"rendered":"\n<p><strong>Marketing \/ Communication : prenez de l\u2019avance avec l\u2019IA<\/strong><\/p>\n\n\n\n<h2 class=\"wp-block-heading\">Marketing \/ Communication : une fonction d\u00e9j\u00e0 bouscul\u00e9e par l\u2019IA<\/h2>\n\n\n\n<p>Les \u00e9quipes marketing et communication fa\u00e7onnent la visibilit\u00e9, l\u2019image, le positionnement et l\u2019attractivit\u00e9 de l\u2019entreprise. Elles analysent les march\u00e9s, produisent des contenus, orchestrent les campagnes et veillent \u00e0 la coh\u00e9rence du discours de marque. Avec l\u2019arriv\u00e9e de l\u2019intelligence artificielle, leur m\u00e9tier change vite : les rythmes de production s\u2019acc\u00e9l\u00e8rent, les attentes de personnalisation augmentent et la capacit\u00e9 \u00e0 exploiter l\u2019information devient un avantage d\u00e9cisif.<\/p>\n\n\n\n<h2 class=\"wp-block-heading\">Ce que l\u2019IA change concr\u00e8tement pour les \u00e9quipes marketing et communication<\/h2>\n\n\n\n<p>L\u2019intelligence artificielle transforme d\u2019abord la production de contenus. Elle permet de g\u00e9n\u00e9rer plus rapidement des id\u00e9es, des accroches, des plans, des articles, des messages, des variantes publicitaires ou des publications adapt\u00e9es \u00e0 diff\u00e9rents canaux. Les \u00e9quipes peuvent produire davantage, tester plus vite et adapter plus finement leurs contenus, \u00e0 condition de garder une vraie exigence \u00e9ditoriale et strat\u00e9gique.<\/p>\n\n\n\n<p>L\u2019IA change aussi la mani\u00e8re d\u2019analyser et de piloter les actions marketing. Elle facilite la synth\u00e8se d\u2019\u00e9tudes, l\u2019analyse de tendances, la veille concurrentielle, l\u2019identification de signaux faibles et l\u2019interpr\u00e9tation de volumes importants d\u2019informations. Cela permet aux \u00e9quipes d\u2019\u00eatre plus r\u00e9actives, de mieux comprendre leur environnement et d\u2019ajuster plus rapidement leurs messages ou leurs campagnes.<\/p>\n\n\n\n<p>Enfin, elle fait \u00e9voluer le niveau d\u2019attente sur la personnalisation et la performance. Les \u00e9quipes marketing et communication doivent d\u00e9sormais \u00eatre capables d\u2019aller vite sans perdre en coh\u00e9rence, de produire \u00e0 plus grande \u00e9chelle sans banaliser la marque, et d\u2019utiliser l\u2019IA comme un levier d\u2019efficacit\u00e9 sans tomber dans des contenus g\u00e9n\u00e9riques ou peu diff\u00e9renciants.<\/p>\n\n\n\n<h2 class=\"wp-block-heading\">Ce que l\u2019IA peut apporter \u00e0 la fonction marketing \/ communication<\/h2>\n\n\n\n<p>Bien utilis\u00e9e, l\u2019IA peut devenir un puissant acc\u00e9l\u00e9rateur de productivit\u00e9. Elle aide les \u00e9quipes \u00e0 gagner du temps sur les t\u00e2ches de recherche, de pr\u00e9paration, de r\u00e9daction et de reformulation, pour se concentrer davantage sur la strat\u00e9gie, la cr\u00e9ativit\u00e9, le pilotage et la qualit\u00e9 du message. Elle permet aussi de multiplier les tests et d\u2019am\u00e9liorer plus vite ce qui fonctionne.<\/p>\n\n\n\n<p>Elle repr\u00e9sente \u00e9galement une opportunit\u00e9 forte en mati\u00e8re de pertinence. En facilitant l\u2019analyse des attentes, des usages et des r\u00e9actions, l\u2019IA peut aider \u00e0 mieux cibler les messages, mieux segmenter les audiences et mieux adapter les contenus aux contextes et aux objectifs. Cela peut renforcer \u00e0 la fois l\u2019impact marketing et la coh\u00e9rence de la communication.<\/p>\n\n\n\n<p>C\u2019est enfin un levier de comp\u00e9titivit\u00e9. Les entreprises qui forment leurs \u00e9quipes marketing et communication \u00e0 l\u2019IA peuvent produire plus vite, mieux exploiter la donn\u00e9e, am\u00e9liorer leur capacit\u00e9 d\u2019adaptation et gagner en visibilit\u00e9 dans un environnement o\u00f9 la rapidit\u00e9 et la qualit\u00e9 d\u2019ex\u00e9cution font de plus en plus la diff\u00e9rence.<\/p>\n\n\n\n<h2 class=\"wp-block-heading\">Se former \u00e0 l\u2019IA pour gagner en impact sans perdre en exigence<\/h2>\n\n\n\n<p>Pour les \u00e9quipes marketing et communication, se former \u00e0 l\u2019IA devient indispensable. L\u2019enjeu n\u2019est pas simplement d\u2019utiliser de nouveaux outils, mais de savoir les int\u00e9grer avec m\u00e9thode, de pr\u00e9server la singularit\u00e9 de la marque et de faire les bons choix entre automatisation, personnalisation et exigence \u00e9ditoriale. Une formation adapt\u00e9e permet de transformer l\u2019IA en avantage concret, sans affaiblir la qualit\u00e9 ni la coh\u00e9rence.<\/p>\n\n\n\n<p><strong>ia-dirigeant.com<\/strong> propose un catalogue de formations ainsi que des accompagnements sur mesure pour aider les dirigeants d\u2019entreprise et leurs \u00e9quipes \u00e0 faire face aux enjeux actuels de transformation. L\u2019objectif est d\u2019accompagner les fonctions marketing et communication dans une adoption utile, structur\u00e9e et directement applicable de l\u2019IA, au service de la performance, de la visibilit\u00e9 et de la cr\u00e9ation de valeur.<\/p>\n","protected":false},"excerpt":{"rendered":"<p>Marketing \/ Communication : prenez de l\u2019avance avec l\u2019IA Marketing \/ Communication : une fonction d\u00e9j\u00e0 bouscul\u00e9e par l\u2019IA Les \u00e9quipes marketing et communication fa\u00e7onnent la visibilit\u00e9, l\u2019image, le positionnement et l\u2019attractivit\u00e9 de l\u2019entreprise. Elles analysent les march\u00e9s, produisent des &hellip; <a href=\"https:\/\/ia-dirigeant.com\/index.php\/marketing-communication-pourquoi-lia-redefinit-deja-les-regles-du-jeu\/\">Continue reading <span class=\"meta-nav\">&rarr;<\/span><\/a><\/p>\n","protected":false},"author":1,"featured_media":0,"parent":0,"menu_order":0,"comment_status":"closed","ping_status":"closed","template":"","meta":{"footnotes":""},"class_list":["post-366","page","type-page","status-publish","hentry"],"_links":{"self":[{"href":"https:\/\/ia-dirigeant.com\/index.php\/wp-json\/wp\/v2\/pages\/366","targetHints":{"allow":["GET"]}}],"collection":[{"href":"https:\/\/ia-dirigeant.com\/index.php\/wp-json\/wp\/v2\/pages"}],"about":[{"href":"https:\/\/ia-dirigeant.com\/index.php\/wp-json\/wp\/v2\/types\/page"}],"author":[{"embeddable":true,"href":"https:\/\/ia-dirigeant.com\/index.php\/wp-json\/wp\/v2\/users\/1"}],"replies":[{"embeddable":true,"href":"https:\/\/ia-dirigeant.com\/index.php\/wp-json\/wp\/v2\/comments?post=366"}],"version-history":[{"count":1,"href":"https:\/\/ia-dirigeant.com\/index.php\/wp-json\/wp\/v2\/pages\/366\/revisions"}],"predecessor-version":[{"id":367,"href":"https:\/\/ia-dirigeant.com\/index.php\/wp-json\/wp\/v2\/pages\/366\/revisions\/367"}],"wp:attachment":[{"href":"https:\/\/ia-dirigeant.com\/index.php\/wp-json\/wp\/v2\/media?parent=366"}],"curies":[{"name":"wp","href":"https:\/\/api.w.org\/{rel}","templated":true}]}}